*(-2)/(-20)). Let u = -41 - x. What is the greatest common divisor of u and 38?
38
Suppose 2*m = -4*r + 52, 2*r + 65 + 77 = 5*m. What is the greatest common factor of m and 196?
28
Let u be -10*(-10)/((-5)/(-1)). Suppose -u*m + 19*m + 2 = 0. Calculate the highest common factor of 10 and m.
2
Suppose -22*x + 7067 = 247. Calculate the highest common factor of x and 60.
10
Suppose -4*n - 16 = 8. Let g = n - -8. Suppose -20 = 186*r - 190*r. Calculate the greatest common factor of r and g.
1
Suppose -17*z - 4*l + 16 = -18*z, 2*z = -2*l + 18. What is the greatest common factor of 8 and z?
4
Let r be (-2)/2*(-3 - 1). Suppose -7 - 13 = r*y. Let l be (6/y)/(42/(-140)). What is the highest common divisor of 24 and l?
4
Let k be (-3)/(-1)*(-5)/(-15). Suppose 0 = 2*z + 4*u - 18, -2*u - 23 = -2*z + k. Suppose -3*q + 19 = -z. Calculate the greatest common divisor of 60 and q.
10
Let k be (-15)/(-12)*14 - (-30)/12. What is the greatest common factor of 90 and k?
10
Suppose d = c + 17 + 5, -3*c = 2*d + 61. Let q(y) = y**2 + 22*y + 32. Let o be q(c). What is the highest common factor of 1 and o?
1
Let j = -1119 + 1499. Calculate the greatest common factor of j and 228.
76
Let y(d) = 7*d - 421. Let m be y(64). Suppose 604 = 2*f + 6*q - q, -881 = -3*f + 5*q. What is the greatest common factor of f and m?
27
Suppose b - 12 = -2*b. Suppose -b*y = -13 - 7. Suppose -3*z - 20 = -y*z. Calculate the highest common factor of 40 and z.
10
Let f = -20 - -25. Suppose -f*m + 756 = 10*v - 6*v, -m + 372 = 2*v. Calculate the highest common divisor of 23 and v.
23
Let n = -2086 - -2140. Let l be 1*33 + 0/(-2). Suppose l = -5*s + 4*z + 115, -s - 5*z = -28. Calculate the highest common divisor of n and s.
18
Suppose 0*o - 8 = -2*o. Let x be 59/o - (-1)/4. Let p be ((-14)/(-6))/(5/x). What is the highest common divisor of 28 and p?
7
Let o = 421 + -289. Let i be o/9 + (-2)/(-6). Let h(v) = -19*v + 1077. Let q be h(48). Calculate the highest common divisor of q and i.
15
Let n = -5 - -20. Suppose 6*v = 3 + n. What is the highest common factor of v and 27?
3
Suppose 3*d = 3*v - 1 - 14, d - 3 = 0. Suppose 24 = v*z - 7*z. What is the greatest common factor of z and 3?
3
Suppose 0 = -5*j - 5*i + 664 + 86, 3*i = -2*j + 296. Let n be 44/3*18/12. What is the highest common factor of n and j?
22
Suppose 0 = 5*b + 9 - 9. Let q be ((-76)/8 - b)*-2. What is the greatest common factor of q and 19?
19
Let i be -8*2/(24/(-93)). Let v = 22 - 14. Suppose t - 3 = -5*o + v, 2*o = -4*t + i. What is the highest common divisor of t and 2?
2
Suppose 3*q = 58 - 16. Let a be (-13 - -15)/(1/7). Calculate the highest common factor of a and q.
14
Suppose -3*h + 13 = -2*p + 6, -3*h + 3*p = -3. Suppose -h*b + 165 = -330. Calculate the greatest common divisor of b and 9.
9
Suppose 7*q - 3*q - 144 = 0. Suppose -8*a = 11*a - 1368. Calculate the greatest common divisor of a and q.
36
Suppose 2*t - 2 = 0, -6 = w - 4*t + 3*t. Let i be (96/20)/(-6)*w. Suppose -8 = -4*g + 2*g. What is the greatest common factor of g and i?
4
Suppose a = -3*a - 3*b + 662, 3*a = 3*b + 486. Suppose -n + 2*x + 137 = 0, 100 + a = 2*n + x. What is the greatest common factor of 7 and n?
7
Suppose 2*c + 3*s = 24, -4*c = -3*s + s - 16. Suppose -115 = -c*p - 37. Calculate the greatest common divisor of p and 26.
13
Let a(f) = -f**3 - f**2 - 2*f. Let o be a(-2). Let h(z) = -3*z**3 + 10*z**2 - 3. Let j be h(3). Calculate the greatest common divisor of o and j.
2
Let l(d) = -d**2 - 50*d - 396. Let z be l(-10). Let g(v) = 2*v**2 + 2*v + 4. Let a be g(5). What is the highest common factor of z and a?
4
Suppose 0 = -5*s - 68*y + 64*y + 4, -2*y = 8. What is the greatest common factor of 52 and s?
4
Let x(a) = 31*a - 246. Let t be x(9). Calculate the highest common divisor of 396 and t.
33
Let j = -286 - -366. Calculate the highest common factor of 10 and j.
10
Suppose 20*v - 252 = 16*v - 5*k, -2*k = -v + 63. Calculate the highest common factor of v and 3906.
63
Let h = 16 - 6. Let f be h + (1 - (0 - 1)). Let b be ((-12)/14)/(34/(-1428)). Calculate the greatest common factor of b and f.
12
Let g(x) = 3*x + 92. Let s be g(20). Calculate the greatest common factor of 56 and s.
8
Let n = 0 - -5. Let v(u) = 6*u. Let d be v(n). Let s = -14 - -26. Calculate the highest common divisor of d and s.
6
Suppose -129 + 692 = 4*w - g, 0 = 3*w - g - 423. Calculate the greatest common divisor of w and 126.
14
Let c be 12/24 + 70/4. Let a(j) = j**3 - 5*j**2 - 6*j - 1. Let i be a(6). Let g be ((-4)/12)/(i/27). What is the highest common factor of c and g?
9
Let y = 82 + -117. Let r = -26 - y. What is the highest common factor of 153 and r?
9
Let r = 8 - -36. Let j(a) = -41*a - 30. Let f be j(-1). Calculate the greatest common factor of r and f.
11
Suppose 75 - 81 = 9*h - 258. Let t = 29 - -13. Calculate the highest common factor of t and h.
14
Suppose -14*s + 134 = -6. Suppose -4*m + 38 = -s. What is the greatest common divisor of 48 and m?
12
Let q = 1163 + -1141. Calculate the greatest common divisor of 9 and q.
1
Let l = 727 - 356. What is the greatest common divisor of 53 and l?
53
Suppose 0*t = -3*t + 66. Let p = 4 - t. Let k = p - -28. Calculate the highest common divisor of 30 and k.
10
Suppose -2*x - 4*q + 2*q = -14, 0 = 2*x - q - 14. What is the greatest common factor of x and 119?
7
Let q = 20 - 15. Suppose v + 5 = 0, 0 = -0*p + q*p - 4*v - 40. What is the greatest common divisor of p and 4?
4
Suppose -5*s + 0*f = 3*f + 6, -5*f = 10. Suppose -5*c + 3*k = s, -4*c - 2*k + 3*k = -7. What is the greatest common factor of 3 and c?
3
Let k be 2/((8/37)/8). What is the highest common factor of 148 and k?
74
Suppose 3*n = -22*n + 425. What is the highest common divisor of n and 408?
17
Let c be 3/4 - 117/(-52). Suppose c*b + 23 - 70 = 4*a, -a = -4*b + 41. What is the highest common divisor of 9 and b?
9
Suppose 15*w - 40 = 410. Suppose 3*r + 3*b = 795, -5*r - 667 = -3*b - 2032. Calculate the greatest common divisor of r and w.
30
Suppose -10*w = 607 - 2137. Calculate the greatest common factor of 102 and w.
51
Let h be (-18)/(((-36)/(-16))/(-3)). What is the highest common factor of h and 39?
3
Let g = 1197 - 762. What is the greatest common divisor of 174 and g?
87
Let n(x) = -x**3 - 10*x**2 - 9*x - 15. Let i be n(-10). Calculate the greatest common factor of i and 15.
15
Let t be 16/4 + 6 + (-597)/(-3). Calculate the highest common divisor of t and 19.
19
Let f be (-4)/24*-2*-3. Let l be 1*(0 + f) + 144. What is the greatest common factor of l and 13?
13
Let w be (-6)/5*(-40)/24. Let i be ((-456)/(-3))/(w + 0). Let n = -26 + 45. Calculate the greatest common divisor of n and i.
19
Suppose -83*o + 800 = -1192. Let s(i) = 6*i - 6. Let g be s(5). Calculate the greatest common divisor of o and g.
24
Let s be (-4 - 32)/2*-3. Let z = 78 + -45. Suppose p + 3*m = z, 80 = 2*p - 3*m + 5. What is the highest common divisor of p and s?
18
Suppose -5 = 2*n - 35. Let v = 9 - n. Let a be (-79 + v)/(0 + -1). What is the greatest common factor of a and 17?
17
Suppose 4*o - 182 = -3*o. Suppose -6 = -s + 2*q, 3*s + 3*q = s + o. Let h = 8 - 6. What is the highest common factor of s and h?
2
Suppose 14*r - 60 = 9*r. What is the greatest common divisor of 9 and r?
3
Let z(i) = i. Let k be z(-4). Let c be 1 + 1 - 1 - k. Suppose -u = 2*u - 105. What is the highest common factor of c and u?
5
Let w = -15 - -18. Suppose 0 = 3*f - 0 - w. Let h be -1 + 3 - (-94 + f). Calculate the highest common factor of h and 19.
19
Let n(l) = l**2 - l + 13. Let k be n(0). Suppose -5*s + 6*h = -473, -106 = -s - 2*h + 7*h. What is the highest common factor of s and k?
13
Let h be 8 - (-1)/(3/(-6)). Let k be 0 + -32*1 + 2. Let j be (-438)/k + 2/5. What is the greatest common divisor of j and h?
3
Let y be 2 - -2 - (-50 + -4 + 5). What is the highest common divisor of y and 53?
53
Let y be (-399)/(-28)*(-32)/6. Let h = 105 + y. Calculate the greatest common divisor of h and 145.
29
Let k be (2 - 2) + (-30)/(-2). Suppose -5*t + 49 = 4*h, -34 + 24 = -2*t. What is the highest common factor of k and h?
3
Suppose 1260 = -11*o + 31*o. Suppose -3*r - 14 + 41 = 0. Calculate the highest common factor of r and o.
9
Let v = 105 + -75. Let f be 9/(18/176) - (-1 - 1). What is the highest common divisor of f and v?
30
L